
List the prime factors of 1406539.
1406539
What are the prime factors of 2070798?
2, 3, 345133
List the prime factors of 6935124.
2, 3, 7, 82561
What are the prime factors of 2161138?
2, 7, 29, 5323
What are the prime factors of 1129860?
2, 3, 5, 6277
What are the prime factors of 13069?
7, 1867
What are the prime factors of 489583?
17, 31, 929
List the prime factors of 19494960.
2, 3, 5, 29, 2801
What are the prime factors of 2072997?
3, 17, 797
What are the prime factors of 240881?
240881
What are the prime factors of 547354?
2, 23, 73, 163
What are the prime factors of 894694?
2, 269, 1663
What are the prime factors of 121355?
5, 13, 1867
What are the prime factors of 29092889?
7, 71, 58537
What are the prime factors of 5655452?
2, 11, 79, 1627
List the prime factors of 11787799.
23, 283, 1811
List the prime factors of 42934.
2, 21467
What are the prime factors of 166195?
5, 43, 773
What are the prime factors of 3360710?
2, 5, 31, 37, 293
List the prime factors of 597216.
2, 3, 6221
What are the prime factors of 3667?
19, 193
List the prime factors of 14676346.
2, 23, 37, 8623
List the prime factors of 1192370.
2, 5, 119237
What are the prime factors of 110835?
3, 5, 821
What are the prime factors of 793?
13, 61
What are the prime factors of 698352?
2, 3, 14549
List the prime factors of 18640611.
3, 11, 20921
What are the prime factors of 711823?
7, 73, 199
What are the prime factors of 320427?
3, 35603
List the prime factors of 7288790.
2, 5, 521, 1399
List the prime factors of 585146.
2, 292573
List the prime factors of 215951.
17, 12703
What are the prime factors of 511148?
2, 11, 11617
List the prime factors of 125357.
67, 1871
What are the prime factors of 13516765?
5, 151, 17903
What are the prime factors of 716173?
716173
What are the prime factors of 1068460?
2, 5, 41, 1303
List the prime factors of 604194.
2, 3, 100699
What are the prime factors of 158540?
2, 5, 7927
List the prime factors of 698317.
277, 2521
List the prime factors of 3991756.
2, 233, 4283
What are the prime factors of 12100326?
2, 3, 7, 61, 4723
What are the prime factors of 6475761?
3, 239843
What are the prime factors of 117540?
2, 3, 5, 653
What are the prime factors of 319323?
3, 106441
What are the prime factors of 1883053?
1883053
List the prime factors of 1939783.
137, 14159
What are the prime factors of 2274364?
2, 541, 1051
List the prime factors of 8038.
2, 4019
What are the prime factors of 5451104?
2, 170347
List the prime factors of 1280561.
1280561
List the prime factors of 28926843.
3, 11, 17, 51563
What are the prime factors of 2895957?
3, 233, 1381
List the prime factors of 174897.
3, 19433
List the prime factors of 68011.
23, 2957
List the prime factors of 1487197.
1487197
List the prime factors of 6550005.
3, 5, 7, 11, 53, 107
What are the prime factors of 276874?
2, 13, 23, 463
List the prime factors of 23976871.
179, 133949
What are the prime factors of 19635149?
1201, 16349
List the prime factors of 117638.
2, 131, 449
What are the prime factors of 39211?
113, 347
What are the prime factors of 251615?
5, 7, 13, 79
What are the prime factors of 2141450?
2, 5, 42829
List the prime factors of 14291195.
5, 347, 8237
List the prime factors of 1114785.
3, 5, 7, 3539
List the prime factors of 475496.
2, 7, 1213
List the prime factors of 286291.
67, 4273
List the prime factors of 40583.
40583
List the prime factors of 871521.
3, 7, 47, 883
What are the prime factors of 272895?
3, 5, 7, 23, 113
List the prime factors of 228714.
2, 3, 38119
List the prime factors of 7869883.
7, 1124269
What are the prime factors of 21799529?
21799529
What are the prime factors of 849949?
17, 173
What are the prime factors of 2794492?
2, 131, 5333
List the prime factors of 174279.
3, 7, 43, 193
What are the prime factors of 417749?
23, 41, 443
List the prime factors of 6327357.
3, 2109119
List the prime factors of 3209845.
5, 641969
What are the prime factors of 926136?
2, 3, 19, 677
What are the prime factors of 5189649?
3, 389, 4447
List the prime factors of 1757476.
2, 7, 23, 2729
What are the prime factors of 4074321?
3, 313, 4339
List the prime factors of 173169.
3, 71, 271
List the prime factors of 567334.
2, 331, 857
What are the prime factors of 4564932?
2, 3, 157, 2423
What are the prime factors of 505442?
2, 7, 79, 457
What are the prime factors of 1063917?
3, 118213
What are the prime factors of 420372?
2, 3, 11677
What are the prime factors of 982266?
2, 3, 31, 5281
What are the prime factors of 11544612?
2, 3, 962051
List the prime factors of 17528222.
2, 19, 461269
What are the prime factors of 2452151?
13, 53, 3559
List the prime factors of 223917.
3, 101, 739
List the prime factors of 46200.
2, 3, 5, 7, 11
What are the prime factors of 2325513?
3, 47, 16493
List the prime factors of 4127860.
2, 5, 11, 29, 647
List the prime factors of 10647485.
5, 2129497
What are the prime factors of 21713460?
2, 3, 5, 29, 12479
List the prime factors of 4535870.
2, 5, 19, 23873
What are the prime factors of 340749?
3, 37861
What are the prime factors of 196218?
2, 3, 11, 991
List the prime factors of 188236.
2, 47059
List the prime factors of 108973.
59, 1847
What are the prime factors of 1814597?
17, 173, 617
List the prime factors of 13977079.
13977079
List the prime factors of 6534516.
2, 3, 544543
List the prime factors of 4746594.
2, 3, 791099
List the prime factors of 433308.
2, 3, 36109
What are the prime factors of 229308?
2, 3, 97, 197
What are the prime factors of 8690580?
2, 3, 5, 48281
What are the prime factors of 42592?
2, 11
List the prime factors of 2530702.
2, 179, 7069
List the prime factors of 10639855.
5, 2127971
List the prime factors of 586292.
2, 7, 20939
What are the prime factors of 475035?
3, 5, 11, 2879
List the prime factors of 24153383.
24153383
List the prime factors of 6130862.
2, 3065431
List the prime factors of 450896.
2, 28181
List the prime factors of 1501532.
2, 19, 23, 859
List the prime factors of 227351.
101, 2251
List the prime factors of 8332693.
23, 362291
List the prime factors of 1261540.
2, 5, 7, 9011
What are the prime factors of 139033?
139033
List the prime factors of 414270.
2, 3, 5, 4603
What are the prime factors of 448829?
448829
List the prime factors of 1466319.
3, 23, 79, 269
List the prime factors of 226209.
3, 75403
List the prime factors of 20396326.
2, 31, 61, 5393
List the prime factors of 512067.
3, 170689
List the prime factors of 186228.
2, 3, 7, 739
List the prime factors of 252189.
3, 7, 4003
List the prime factors of 3860172.
2, 3, 107227
List the prime factors of 1395929.
307, 4547
What are the prime factors of 12895564?
2, 11, 293081
What are the prime factors of 4380876?
2, 3, 73, 1667
What are the prime factors of 40576?
2, 317
List the prime factors of 10608392.
2, 1326049
What are the prime factors of 2796877?
2796877
What are the prime factors of 11800681?
2399, 4919
What are the prime factors of 26554517?
11, 29, 83243
What are the prime factors of 8245369?
11, 53, 14143
What are the prime factors of 1084679?
509, 2131
List the prime factors of 607486.
2, 11, 53, 521
What are the prime factors of 132951?
3, 7, 13, 487
What are the prime factors of 1007331?
3, 13, 23, 1123
What are the prime factors of 239606?
2, 47, 2549
What are the prime factors of 1656917?
1656917
List the prime factors of 4396329.
3, 7, 3323
What are the prime factors of 12439218?
2, 3, 11, 188473
List the prime factors of 17987868.
2, 3, 499663
List the prime factors of 15528362.
2, 7764181
List the prime factors of 18228.
2, 3, 7, 31
List the prime factors of 12558.
2, 3, 7, 13, 23
What are the prime factors of 336770?
2, 5, 7, 17, 283
List the prime factors of 58913.
58913
What are the prime factors of 608186?
2, 71, 4283
What are the prime factors of 157728?
2, 3, 31, 53
List the prime factors of 1484478.
2, 3, 82471
What are the prime factors of 3408475?
5, 7, 19477
List the prime factors of 9775354.
2, 31, 157667
List the prime factors of 6015255.
3, 5, 401017
What are the prime factors of 121932?
2, 3, 1129
List the prime factors of 497574.
2, 3, 7, 11, 359
What are the prime factors of 676469?
676469
List the prime factors of 2209326.
2, 3, 7, 41, 1283
What are the prime factors of 31747310?
2, 5, 7, 59, 7687
